{"id":54,"date":"2020-12-09T09:55:18","date_gmt":"2020-12-09T09:55:18","guid":{"rendered":"http:\/\/portygm.com.tr\/?page_id=54"},"modified":"2020-12-09T09:55:32","modified_gmt":"2020-12-09T09:55:32","slug":"denetim-hizmetleri","status":"publish","type":"page","link":"https:\/\/portygm.com.tr\/?page_id=54","title":{"rendered":"Denetim Hizmetleri"},"content":{"rendered":"\n<p>G\u00fcmr\u00fck i\u015flemlerinin usul\u00fcne uygun olarak yap\u0131l\u0131p yap\u0131lmad\u0131\u011f\u0131&nbsp; incelenmesi ve bu inceleme neticesinde y\u0131ll\u0131k faaliyet raporu d\u00fczenlenmesi i\u015flemleri.<\/p>\n","protected":false},"excerpt":{"rendered":"<p>G\u00fcmr\u00fck i\u015flemlerinin usul\u00fcne uygun olarak yap\u0131l\u0131p yap\u0131lmad\u0131\u011f\u0131&nbsp; incelenmesi ve bu inceleme neticesinde y\u0131ll\u0131k faaliyet raporu d\u00fczenlenmesi i\u015flemleri.<\/p>\n","protected":false},"author":1,"featured_media":0,"parent":40,"menu_order":4,"comment_status":"closed","ping_status":"closed","template":"","meta":[],"_links":{"self":[{"href":"https:\/\/portygm.com.tr\/index.php?rest_route=\/wp\/v2\/pages\/54"}],"collection":[{"href":"https:\/\/portygm.com.tr\/index.php?rest_route=\/wp\/v2\/pages"}],"about":[{"href":"https:\/\/portygm.com.tr\/index.php?rest_route=\/wp\/v2\/types\/page"}],"author":[{"embeddable":true,"href":"https:\/\/portygm.com.tr\/index.php?rest_route=\/wp\/v2\/users\/1"}],"replies":[{"embeddable":true,"href":"https:\/\/portygm.com.tr\/index.php?rest_route=%2Fwp%2Fv2%2Fcomments&post=54"}],"version-history":[{"count":2,"href":"https:\/\/portygm.com.tr\/index.php?rest_route=\/wp\/v2\/pages\/54\/revisions"}],"predecessor-version":[{"id":56,"href":"https:\/\/portygm.com.tr\/index.php?rest_route=\/wp\/v2\/pages\/54\/revisions\/56"}],"up":[{"embeddable":true,"href":"https:\/\/portygm.com.tr\/index.php?rest_route=\/wp\/v2\/pages\/40"}],"wp:attachment":[{"href":"https:\/\/portygm.com.tr\/index.php?rest_route=%2Fwp%2Fv2%2Fmedia&parent=54"}],"curies":[{"name":"wp","href":"https:\/\/api.w.org\/{rel}","templated":true}]}}